CRAN Package Check Results for Package datastructures

Last updated on 2019-03-14 00:46:31 CET.

Flavor Version Tinstall Tcheck Ttotal Status Flags
r-devel-linux-x86_64-debian-clang 0.2.8 143.23 123.22 266.45 OK
r-devel-linux-x86_64-debian-gcc 0.2.8 140.33 91.86 232.19 OK
r-devel-linux-x86_64-fedora-clang 0.2.8 392.37 NOTE
r-devel-linux-x86_64-fedora-gcc 0.2.8 385.08 OK
r-devel-windows-ix86+x86_64 0.2.8 410.00 199.00 609.00 NOTE
r-patched-linux-x86_64 0.2.8 156.11 116.08 272.19 OK
r-patched-solaris-x86 0.2.8 412.90 NOTE
r-release-linux-x86_64 OK
r-release-windows-ix86+x86_64 0.2.8 401.00 253.00 654.00 NOTE
r-release-osx-x86_64 0.2.8 NOTE
r-oldrel-windows-ix86+x86_64 0.2.8 407.00 265.00 672.00 NOTE
r-oldrel-osx-x86_64 0.2.8 NOTE

Check Details

Version: 0.2.8
Check: installed package size
Result: NOTE
     installed size is 65.4Mb
     sub-directories of 1Mb or more:
     doc 1.2Mb
     libs 63.3Mb
Flavors: r-devel-linux-x86_64-fedora-clang, r-devel-windows-ix86+x86_64, r-patched-solaris-x86, r-release-windows-ix86+x86_64, r-release-osx-x86_64, r-oldrel-windows-ix86+x86_64, r-oldrel-osx-x86_64