CRAN Package Check Results for Package dblr

Last updated on 2019-03-14 00:46:31 CET.

Flavor Version Tinstall Tcheck Ttotal Status Flags
r-devel-linux-x86_64-debian-clang 0.1.0 6.54 61.71 68.25 OK
r-devel-linux-x86_64-debian-gcc 0.1.0 5.46 72.04 77.50 OK
r-devel-linux-x86_64-fedora-clang 0.1.0 79.85 OK
r-devel-linux-x86_64-fedora-gcc 0.1.0 75.79 OK
r-devel-windows-ix86+x86_64 0.1.0 14.00 96.00 110.00 OK
r-patched-linux-x86_64 0.1.0 4.79 57.56 62.35 OK
r-patched-solaris-x86 0.1.0 3.80 ERROR
r-release-linux-x86_64 OK
r-release-windows-ix86+x86_64 0.1.0 11.00 106.00 117.00 OK
r-release-osx-x86_64 0.1.0 OK
r-oldrel-windows-ix86+x86_64 0.1.0 11.00 66.00 77.00 OK
r-oldrel-osx-x86_64 0.1.0 OK

Check Details

Version: 0.1.0
Check: package dependencies
Result: ERROR
    Package required but not available: ‘xgboost’
    
    See section ‘The DESCRIPTION file’ in the ‘Writing R Extensions’
    manual.
Flavor: r-patched-solaris-x86