CRAN Package Check Results for Package dexter

Last updated on 2019-03-14 00:46:32 CET.

Flavor Version Tinstall Tcheck Ttotal Status Flags
r-devel-linux-x86_64-debian-clang 0.8.4 15.63 167.97 183.60 WARN
r-devel-linux-x86_64-debian-gcc 0.8.4 12.74 123.79 136.53 OK
r-devel-linux-x86_64-fedora-clang 0.8.4 213.70 OK
r-devel-linux-x86_64-fedora-gcc 0.8.4 201.03 OK
r-devel-windows-ix86+x86_64 0.8.4 43.00 214.00 257.00 OK
r-patched-linux-x86_64 0.8.4 13.34 166.09 179.43 OK
r-patched-solaris-x86 0.8.4 304.20 OK
r-release-linux-x86_64 OK
r-release-windows-ix86+x86_64 0.8.4 38.00 311.00 349.00 OK
r-release-osx-x86_64 0.8.4 OK
r-oldrel-windows-ix86+x86_64 0.8.4 42.00 344.00 386.00 OK
r-oldrel-osx-x86_64 0.8.4 OK

Check Details

Version: 0.8.4
Check: whether package can be installed
Result: WARN
    Found the following significant warnings:
     Warning: unable to re-encode 'enorm.R' line 178
Flavor: r-devel-linux-x86_64-debian-clang