CRAN Package Check Results for Package doSNOW

Last updated on 2019-03-14 00:46:33 CET.

Flavor Version Tinstall Tcheck Ttotal Status Flags
r-devel-linux-x86_64-debian-clang 1.0.16 1.74 21.00 22.74 NOTE
r-devel-linux-x86_64-debian-gcc 1.0.16 1.58 16.52 18.10 NOTE
r-devel-linux-x86_64-fedora-clang 1.0.16 27.82 OK
r-devel-linux-x86_64-fedora-gcc 1.0.16 26.02 OK
r-devel-windows-ix86+x86_64 1.0.16 8.00 58.00 66.00 OK
r-patched-linux-x86_64 1.0.16 1.17 19.43 20.60 NOTE
r-patched-solaris-x86 1.0.16 46.30 OK
r-release-linux-x86_64 NOTE
r-release-windows-ix86+x86_64 1.0.16 3.00 53.00 56.00 OK
r-release-osx-x86_64 1.0.16 OK
r-oldrel-windows-ix86+x86_64 1.0.16 5.00 35.00 40.00 OK
r-oldrel-osx-x86_64 1.0.16 OK

Check Details

Version: 1.0.16
Check: R code for possible problems
Result: NOTE
    Found the following calls to attach():
    File 'doSNOW/R/doSNOW.R':
     attach(exportEnv)
    See section 'Good practice' in '?attach'.
Flavors: r-devel-linux-x86_64-debian-clang, r-devel-linux-x86_64-debian-gcc, r-patched-linux-x86_64, r-release-linux-x86_64