CRAN Package Check Results for Package dpmr

Last updated on 2019-03-14 00:46:33 CET.

Flavor Version Tinstall Tcheck Ttotal Status Flags
r-devel-linux-x86_64-debian-clang 0.1.9 3.63 32.93 36.56 OK
r-devel-linux-x86_64-debian-gcc 0.1.9 3.14 25.53 28.67 OK
r-devel-linux-x86_64-fedora-clang 0.1.9 44.50 OK
r-devel-linux-x86_64-fedora-gcc 0.1.9 42.27 OK
r-devel-windows-ix86+x86_64 0.1.9 11.00 51.00 62.00 OK
r-patched-linux-x86_64 0.1.9 2.58 30.67 33.25 OK
r-patched-solaris-x86 0.1.9 68.80 OK
r-release-linux-x86_64 OK
r-release-windows-ix86+x86_64 0.1.9 8.00 86.00 94.00 OK
r-release-osx-x86_64 0.1.9 OK
r-oldrel-windows-ix86+x86_64 0.1.9 10.00 43.00 53.00 OK
r-oldrel-osx-x86_64 0.1.9 NOTE

Check Details

Version: 0.1.9
Check: package dependencies
Result: NOTE
    Package suggested but not available for checking: ‘devtools’
Flavor: r-oldrel-osx-x86_64