Last updated on 2019-03-14 00:46:33 CET.
Flavor | Version | Tinstall | Tcheck | Ttotal | Status | Flags |
---|---|---|---|---|---|---|
r-devel-linux-x86_64-debian-clang | 0.91.2.2 | 1.56 | 17.65 | 19.21 | NOTE | |
r-devel-linux-x86_64-debian-gcc | 0.91.2.2 | 1.29 | 14.14 | 15.43 | NOTE | |
r-devel-linux-x86_64-fedora-clang | 0.91.2.2 | 23.60 | NOTE | |||
r-devel-linux-x86_64-fedora-gcc | 0.91.2.2 | 23.66 | NOTE | |||
r-devel-windows-ix86+x86_64 | 0.91.2.2 | 7.00 | 40.00 | 47.00 | NOTE | |
r-patched-linux-x86_64 | 0.91.2.2 | 0.89 | 16.45 | 17.34 | NOTE | |
r-patched-solaris-x86 | 0.91.2.2 | 36.50 | NOTE | |||
r-release-linux-x86_64 | NOTE | |||||
r-release-windows-ix86+x86_64 | 0.91.2.2 | 4.00 | 38.00 | 42.00 | NOTE | |
r-release-osx-x86_64 | 0.91.2.2 | NOTE | ||||
r-oldrel-windows-ix86+x86_64 | 0.91.2.2 | 5.00 | 36.00 | 41.00 | NOTE | |
r-oldrel-osx-x86_64 | 0.91.2.2 | NOTE |
Version: 0.91.2.2
Check: DESCRIPTION meta-information
Result: NOTE
BugReports field is not a suitable URL but appears to contain an email address
not specified by mailto: nor contained in < >
Flavors: r-devel-linux-x86_64-debian-clang, r-devel-linux-x86_64-debian-gcc, r-devel-linux-x86_64-fedora-clang, r-devel-linux-x86_64-fedora-gcc, r-devel-windows-ix86+x86_64, r-patched-linux-x86_64, r-patched-solaris-x86, r-release-linux-x86_64, r-release-windows-ix86+x86_64, r-release-osx-x86_64, r-oldrel-windows-ix86+x86_64, r-oldrel-osx-x86_64