CRAN Package Check Results for Package ecmwfr

Last updated on 2019-03-14 00:46:33 CET.

Flavor Version Tinstall Tcheck Ttotal Status Flags
r-devel-linux-x86_64-debian-clang 1.1.0 2.06 29.56 31.62 OK
r-devel-linux-x86_64-debian-gcc 1.1.0 1.59 24.14 25.73 OK
r-devel-linux-x86_64-fedora-clang 1.1.0 40.28 OK
r-devel-linux-x86_64-fedora-gcc 1.1.0 37.27 OK
r-devel-windows-ix86+x86_64 1.1.0 5.00 45.00 50.00 OK
r-patched-linux-x86_64 1.1.0 1.35 24.55 25.90 OK
r-patched-solaris-x86 1.1.0 45.00 ERROR
r-release-linux-x86_64 OK
r-release-windows-ix86+x86_64 1.1.0 6.00 51.00 57.00 OK
r-release-osx-x86_64 1.1.0 OK
r-oldrel-windows-ix86+x86_64 1.1.0 4.00 57.00 61.00 OK
r-oldrel-osx-x86_64 1.1.0 OK

Check Details

Version: 1.1.0
Check: tests
Result: ERROR
     Running ‘testthat.r’ [1s/18s]
    Running the tests in ‘tests/testthat.r’ failed.
    Complete output:
     > # Run all unit tests
     >
     > # This is a wrapper around all the tests specified
     > # in the tests/testthat directory. These tests are visible
     > # to users and serve as small examples as well.
     > testthat::test_check("ecmwfr")
     Loading required package: ecmwfr
     Error in curl::curl_fetch_memory(url, handle = handle) :
     Timeout was reached: Operation timed out after 10000 milliseconds with 0 out of 0 bytes received
     ── 1. Error: (unknown) (@test_ecmwf.r#40) ─────────────────────────────────────
     $ operator is invalid for atomic vectors
     1: ecmwf_running(wf_server(service = "webapi")) at testthat/test_ecmwf.r:40
    
     ══ testthat results ═══════════════════════════════════════════════════════════
     OK: 0 SKIPPED: 3 FAILED: 1
     1. Error: (unknown) (@test_ecmwf.r#40)
    
     Error: testthat unit tests failed
     Execution halted
Flavor: r-patched-solaris-x86