Last updated on 2019-03-14 00:46:34 CET.
Flavor | Version | Tinstall | Tcheck | Ttotal | Status | Flags |
---|---|---|---|---|---|---|
r-devel-linux-x86_64-debian-clang | 0.1.81 | 11.73 | 92.62 | 104.35 | WARN | |
r-devel-linux-x86_64-debian-gcc | 0.1.81 | 10.09 | 70.58 | 80.67 | OK | |
r-devel-linux-x86_64-fedora-clang | 0.1.81 | 127.00 | NOTE | |||
r-devel-linux-x86_64-fedora-gcc | 0.1.81 | 123.40 | NOTE | |||
r-devel-windows-ix86+x86_64 | 0.1.81 | 23.00 | 117.00 | 140.00 | OK | |
r-patched-linux-x86_64 | 0.1.81 | 8.79 | 87.00 | 95.79 | OK | |
r-patched-solaris-x86 | 0.1.81 | 192.90 | NOTE | |||
r-release-linux-x86_64 | OK | |||||
r-release-windows-ix86+x86_64 | 0.1.81 | 21.00 | 142.00 | 163.00 | OK | |
r-release-osx-x86_64 | 0.1.81 | NOTE | ||||
r-oldrel-osx-x86_64 | 0.1.81 | ERROR |
Version: 0.1.81
Check: whether package can be installed
Result: WARN
Found the following significant warnings:
Warning: unable to re-encode 'db_cosponsor.R' lines 14, 17
Warning: unable to re-encode 'net_dep.R' lines 58, 59, 60
Warning: unable to re-encode 'print.R' line 44
Warning: unable to re-encode 'summary.R' line 8
Flavor: r-devel-linux-x86_64-debian-clang
Version: 0.1.81
Check: dependencies in R code
Result: NOTE
Namespace in Imports field not imported from: ‘tnet’
All declared Imports should be used.
Flavors: r-devel-linux-x86_64-fedora-clang, r-devel-linux-x86_64-fedora-gcc, r-patched-solaris-x86, r-release-osx-x86_64
Version: 0.1.81
Check: whether package can be installed
Result: ERROR
Installation failed.
Flavor: r-oldrel-osx-x86_64