CRAN Package Check Results for Package envalysis

Last updated on 2019-03-14 00:46:34 CET.

Flavor Version Tinstall Tcheck Ttotal Status Flags
r-devel-linux-x86_64-debian-clang 0.3.3 10.07 100.00 110.07 WARN
r-devel-linux-x86_64-debian-gcc 0.3.3 6.96 78.26 85.22 OK
r-devel-linux-x86_64-fedora-clang 0.3.3 134.03 OK
r-devel-linux-x86_64-fedora-gcc 0.3.3 124.84 OK
r-devel-windows-ix86+x86_64 0.3.3 23.00 118.00 141.00 OK
r-patched-linux-x86_64 0.3.3 5.86 90.16 96.02 OK
r-patched-solaris-x86 0.3.3 183.10 OK
r-release-linux-x86_64 OK
r-release-windows-ix86+x86_64 0.3.3 24.00 137.00 161.00 OK
r-release-osx-x86_64 0.3.3 OK
r-oldrel-windows-ix86+x86_64 0.3.3 24.00 172.00 196.00 OK
r-oldrel-osx-x86_64 0.3.3 OK

Check Details

Version: 0.3.3
Check: whether package can be installed
Result: WARN
    Found the following significant warnings:
     Warning: unable to re-encode 'bisdom.R' line 19
     Warning: unable to re-encode 'calibration.R' line 59
     Warning: unable to re-encode 'neitzel2003.R' line 16
Flavor: r-devel-linux-x86_64-debian-clang