CRAN Package Check Results for Package epicontacts

Last updated on 2019-03-14 00:46:34 CET.

Flavor Version Tinstall Tcheck Ttotal Status Flags
r-devel-linux-x86_64-debian-clang 1.1.0 3.23 44.78 48.01 OK
r-devel-linux-x86_64-debian-gcc 1.1.0 2.58 34.81 37.39 OK
r-devel-linux-x86_64-fedora-clang 1.1.0 58.07 NOTE
r-devel-linux-x86_64-fedora-gcc 1.1.0 52.62 NOTE
r-devel-windows-ix86+x86_64 1.1.0 6.00 70.00 76.00 OK
r-patched-linux-x86_64 1.1.0 2.84 40.93 43.77 OK
r-patched-solaris-x86 1.1.0 84.80 WARN
r-release-linux-x86_64 OK
r-release-windows-ix86+x86_64 1.1.0 9.00 72.00 81.00 OK
r-release-osx-x86_64 1.1.0 WARN
r-oldrel-windows-ix86+x86_64 1.1.0 6.00 86.00 92.00 OK
r-oldrel-osx-x86_64 1.1.0 WARN

Check Details

Version: 1.1.0
Check: dependencies in R code
Result: NOTE
    Namespace in Imports field not imported from: ‘colorspace’
     All declared Imports should be used.
Flavors: r-devel-linux-x86_64-fedora-clang, r-devel-linux-x86_64-fedora-gcc, r-patched-solaris-x86, r-release-osx-x86_64, r-oldrel-osx-x86_64

Version: 1.1.0
Check: re-building of vignette outputs
Result: WARN
    Error in re-building vignettes:
     ...
    Warning in engine$weave(file, quiet = quiet, encoding = enc) :
     Pandoc (>= 1.12.3) and/or pandoc-citeproc not available. Falling back to R Markdown v1.
    Quitting from lines 150-151 (epicontacts.Rmd)
    Error: processing vignette 'epicontacts.Rmd' failed with diagnostics:
    there is no package called 'webshot'
    Execution halted
Flavor: r-patched-solaris-x86

Version: 1.1.0
Check: re-building of vignette outputs
Result: WARN
    Error in re-building vignettes:
     ...
    Warning in engine$weave(file, quiet = quiet, encoding = enc) :
     Pandoc (>= 1.12.3) and/or pandoc-citeproc not available. Falling back to R Markdown v1.
    PhantomJS not found. You can install it with webshot::install_phantomjs(). If it is installed, please make sure the phantomjs executable can be found via the PATH variable.
    Warning in normalizePath(f2) :
     path[1]="./webshot54225f141465.png": No such file or directory
    Warning in file(con, "rb") :
     cannot open file './webshot54225f141465.png': No such file or directory
    Quitting from lines 150-151 (epicontacts.Rmd)
    Error: processing vignette 'epicontacts.Rmd' failed with diagnostics:
    cannot open the connection
    Execution halted
Flavor: r-release-osx-x86_64

Version: 1.1.0
Check: re-building of vignette outputs
Result: WARN
    Error in re-building vignettes:
     ...
    Warning in engine$weave(file, quiet = quiet, encoding = enc) :
     Pandoc (>= 1.12.3) and/or pandoc-citeproc not available. Falling back to R Markdown v1.
    PhantomJS not found. You can install it with webshot::install_phantomjs(). If it is installed, please make sure the phantomjs executable can be found via the PATH variable.
    Warning in normalizePath(f2) :
     path[1]="./webshot19815cfbc06b.png": No such file or directory
    Warning in file(con, "rb") :
     cannot open file './webshot19815cfbc06b.png': No such file or directory
    Quitting from lines 150-151 (epicontacts.Rmd)
    Error: processing vignette 'epicontacts.Rmd' failed with diagnostics:
    cannot open the connection
    Execution halted
Flavor: r-oldrel-osx-x86_64