Last updated on 2019-03-14 00:46:34 CET.
Flavor | Version | Tinstall | Tcheck | Ttotal | Status | Flags |
---|---|---|---|---|---|---|
r-devel-linux-x86_64-debian-clang | 0.9.3 | 13.68 | 101.88 | 115.56 | OK | |
r-devel-linux-x86_64-debian-gcc | 0.9.3 | 11.07 | 76.93 | 88.00 | OK | |
r-devel-linux-x86_64-fedora-clang | 0.9.3 | 138.27 | OK | |||
r-devel-linux-x86_64-fedora-gcc | 0.9.3 | 127.77 | OK | |||
r-devel-windows-ix86+x86_64 | 0.9.3 | 22.00 | 129.00 | 151.00 | OK | |
r-patched-linux-x86_64 | 0.9.3 | 9.71 | 94.03 | 103.74 | OK | |
r-patched-solaris-x86 | 0.9.3 | 189.00 | OK | |||
r-release-linux-x86_64 | OK | |||||
r-release-windows-ix86+x86_64 | 0.9.3 | 26.00 | 132.00 | 158.00 | OK | |
r-release-osx-x86_64 | 0.9.3 | OK | ||||
r-oldrel-windows-ix86+x86_64 | 0.9.2 | 9.00 | 122.00 | 131.00 | OK | |
r-oldrel-osx-x86_64 | 0.9.3 | ERROR |
Version: 0.9.3
Check: whether package can be installed
Result: ERROR
Installation failed.
Flavor: r-oldrel-osx-x86_64