Last updated on 2019-03-14 00:46:34 CET.
Flavor | Version | Tinstall | Tcheck | Ttotal | Status | Flags |
---|---|---|---|---|---|---|
r-devel-linux-x86_64-debian-clang | 0.2.2 | 1.70 | 24.37 | 26.07 | WARN | |
r-devel-linux-x86_64-debian-gcc | 0.2.2 | 1.44 | 20.41 | 21.85 | OK | |
r-devel-linux-x86_64-fedora-clang | 0.2.2 | 33.04 | OK | |||
r-devel-linux-x86_64-fedora-gcc | 0.2.2 | 31.42 | OK | |||
r-devel-windows-ix86+x86_64 | 0.2.2 | 6.00 | 42.00 | 48.00 | OK | |
r-patched-linux-x86_64 | 0.2.2 | 0.99 | 23.48 | 24.47 | OK | |
r-patched-solaris-x86 | 0.2.2 | 46.60 | OK | |||
r-release-linux-x86_64 | OK | |||||
r-release-windows-ix86+x86_64 | 0.2.2 | 4.00 | 45.00 | 49.00 | OK | |
r-release-osx-x86_64 | 0.2.2 | OK | ||||
r-oldrel-windows-ix86+x86_64 | 0.2.2 | 4.00 | 51.00 | 55.00 | OK | |
r-oldrel-osx-x86_64 | 0.2.2 | OK |
Version: 0.2.2
Check: whether package can be installed
Result: WARN
Found the following significant warnings:
Warning: unable to re-encode 'r_to_R0_Wallinga_Lipsitch.R' line 7
Flavor: r-devel-linux-x86_64-debian-clang