CRAN Package Check Results for Package ethnobotanyR

Last updated on 2019-03-14 00:46:34 CET.

Flavor Version Tinstall Tcheck Ttotal Status Flags
r-devel-linux-x86_64-debian-clang 0.1.4 4.57 59.10 63.67 WARN
r-devel-linux-x86_64-debian-gcc 0.1.4 3.93 45.24 49.17 OK
r-devel-linux-x86_64-fedora-clang 0.1.4 78.58 OK
r-devel-linux-x86_64-fedora-gcc 0.1.4 69.45 OK
r-devel-windows-ix86+x86_64 0.1.4 11.00 92.00 103.00 OK
r-patched-linux-x86_64 0.1.4 3.53 55.26 58.79 OK
r-patched-solaris-x86 0.1.4 110.10 OK
r-release-linux-x86_64 OK
r-release-windows-ix86+x86_64 0.1.4 14.00 97.00 111.00 OK
r-release-osx-x86_64 0.1.4 OK
r-oldrel-windows-ix86+x86_64 0.1.4 10.00 117.00 127.00 OK
r-oldrel-osx-x86_64 0.1.4 OK

Check Details

Version: 0.1.4
Check: whether package can be installed
Result: WARN
    Found the following significant warnings:
     Warning: unable to re-encode 'UVs.R' line 4
Flavor: r-devel-linux-x86_64-debian-clang