CRAN Package Check Results for Package eurostat

Last updated on 2019-03-14 00:46:34 CET.

Flavor Version Tinstall Tcheck Ttotal Status Flags
r-devel-linux-x86_64-debian-clang 3.3.1.3 7.04 88.78 95.82 OK
r-devel-linux-x86_64-debian-gcc 3.3.1.3 7.46 71.34 78.80 OK
r-devel-linux-x86_64-fedora-clang 3.3.1.3 118.05 NOTE
r-devel-linux-x86_64-fedora-gcc 3.3.1.3 108.01 NOTE
r-devel-windows-ix86+x86_64 3.3.1.3 18.00 116.00 134.00 OK
r-patched-linux-x86_64 3.3.1.3 5.93 80.27 86.20 OK
r-patched-solaris-x86 3.3.1.3 166.90 NOTE
r-release-linux-x86_64 OK
r-release-windows-ix86+x86_64 3.3.1.3 14.00 138.00 152.00 OK
r-release-osx-x86_64 3.3.1.3 NOTE
r-oldrel-windows-ix86+x86_64 3.3.1.3 17.00 174.00 191.00 OK
r-oldrel-osx-x86_64 3.3.1.3 NOTE

Check Details

Version: 3.3.1.3
Check: data for non-ASCII characters
Result: NOTE
     Note: found 595 marked UTF-8 strings
Flavors: r-devel-linux-x86_64-fedora-clang, r-devel-linux-x86_64-fedora-gcc, r-patched-solaris-x86, r-release-osx-x86_64, r-oldrel-osx-x86_64