CRAN Package Check Results for Package exams

Last updated on 2019-03-14 00:46:34 CET.

Flavor Version Tinstall Tcheck Ttotal Status Flags
r-devel-linux-x86_64-debian-clang 2.3-2 11.84 149.95 161.79 NOTE
r-devel-linux-x86_64-debian-gcc 2.3-2 10.20 117.01 127.21 NOTE
r-devel-linux-x86_64-fedora-clang 2.3-2 207.60 NOTE
r-devel-linux-x86_64-fedora-gcc 2.3-2 200.74 OK
r-devel-windows-ix86+x86_64 2.3-2 26.00 413.00 439.00 OK
r-patched-linux-x86_64 2.3-2 10.89 141.43 152.32 NOTE
r-patched-solaris-x86 2.3-2 293.70 OK
r-release-linux-x86_64 NOTE
r-release-windows-ix86+x86_64 2.3-2 20.00 468.00 488.00 OK
r-release-osx-x86_64 2.3-2 OK
r-oldrel-windows-ix86+x86_64 2.3-2 8.00 482.00 490.00 OK
r-oldrel-osx-x86_64 2.3-2 OK

Check Details

Version: 2.3-2
Check: R code for possible problems
Result: NOTE
    Found the following assignments to the global environment:
    File 'exams/R/xexams.R':
     assign(".xweave_svg_grdevice", .xweave_svg_grdevice, envir = .GlobalEnv)
Flavors: r-devel-linux-x86_64-debian-clang, r-devel-linux-x86_64-debian-gcc, r-devel-linux-x86_64-fedora-clang, r-patched-linux-x86_64, r-release-linux-x86_64