Last updated on 2019-03-14 00:46:34 CET.
Flavor | Version | Tinstall | Tcheck | Ttotal | Status | Flags |
---|---|---|---|---|---|---|
r-devel-linux-x86_64-debian-clang | 2.4.4 | 19.04 | 88.92 | 107.96 | NOTE | |
r-devel-linux-x86_64-debian-gcc | 2.4.4 | 15.49 | 67.99 | 83.48 | NOTE | |
r-devel-linux-x86_64-fedora-clang | 2.4.4 | 136.83 | OK | |||
r-devel-linux-x86_64-fedora-gcc | 2.4.4 | 126.16 | OK | |||
r-devel-windows-ix86+x86_64 | 2.4.4 | 53.00 | 160.00 | 213.00 | OK | |
r-patched-linux-x86_64 | 2.4.4 | 16.57 | 80.02 | 96.59 | NOTE | |
r-patched-solaris-x86 | 2.4.4 | 182.40 | NOTE | |||
r-release-linux-x86_64 | NOTE | |||||
r-release-windows-ix86+x86_64 | 2.4.4 | 54.00 | 208.00 | 262.00 | OK | |
r-release-osx-x86_64 | 2.4.4 | NOTE | ||||
r-oldrel-windows-ix86+x86_64 | 2.4.4 | 56.00 | 153.00 | 209.00 | OK | |
r-oldrel-osx-x86_64 | 2.4.4 | NOTE |
Version: 2.4.4
Check: package dependencies
Result: NOTE
Package suggested but not available for checking: 'INLA'
Flavors: r-devel-linux-x86_64-debian-clang, r-devel-linux-x86_64-debian-gcc, r-patched-linux-x86_64, r-patched-solaris-x86, r-release-linux-x86_64, r-release-osx-x86_64, r-oldrel-osx-x86_64