Last updated on 2019-03-14 00:46:36 CET.
Flavor | Version | Tinstall | Tcheck | Ttotal | Status | Flags |
---|---|---|---|---|---|---|
r-devel-linux-x86_64-debian-clang | 0.3.6 | 12.90 | 177.53 | 190.43 | WARN | |
r-devel-linux-x86_64-debian-gcc | 0.3.6 | 12.32 | 140.82 | 153.14 | OK | |
r-devel-linux-x86_64-fedora-clang | 0.3.6 | 235.18 | NOTE | |||
r-devel-linux-x86_64-fedora-gcc | 0.3.6 | 219.25 | NOTE | |||
r-devel-windows-ix86+x86_64 | 0.3.6 | 32.00 | 197.00 | 229.00 | OK | |
r-patched-linux-x86_64 | 0.3.6 | 10.78 | 161.00 | 171.78 | OK | |
r-patched-solaris-x86 | 0.3.6 | 351.80 | NOTE | |||
r-release-linux-x86_64 | OK | |||||
r-release-windows-ix86+x86_64 | 0.3.6 | 29.00 | 242.00 | 271.00 | OK | |
r-release-osx-x86_64 | 0.3.6 | NOTE | ||||
r-oldrel-windows-ix86+x86_64 | 0.3.6 | 28.00 | 267.00 | 295.00 | OK | |
r-oldrel-osx-x86_64 | 0.3.6 | NOTE |
Version: 0.3.6
Check: whether package can be installed
Result: WARN
Found the following significant warnings:
Warning: unable to re-encode 'visualizations.R' line 69
Flavor: r-devel-linux-x86_64-debian-clang
Version: 0.3.6
Check: dependencies in R code
Result: NOTE
Namespaces in Imports field not imported from:
‘forcats’ ‘formula.tools’
All declared Imports should be used.
Flavors: r-devel-linux-x86_64-fedora-clang, r-devel-linux-x86_64-fedora-gcc, r-patched-solaris-x86, r-release-osx-x86_64, r-oldrel-osx-x86_64