CRAN Package Check Results for Package fakemake

Last updated on 2019-03-14 00:46:36 CET.

Flavor Version Tinstall Tcheck Ttotal Status Flags
r-devel-linux-x86_64-debian-clang 1.4.0 2.16 80.16 82.32 OK
r-devel-linux-x86_64-debian-gcc 1.4.0 1.81 68.68 70.49 OK
r-devel-linux-x86_64-fedora-clang 1.4.0 109.70 NOTE
r-devel-linux-x86_64-fedora-gcc 1.4.0 103.94 NOTE
r-devel-windows-ix86+x86_64 1.4.0 4.00 71.00 75.00 OK
r-patched-linux-x86_64 1.4.0 1.33 71.34 72.67 OK
r-patched-solaris-x86 1.4.0 143.30 NOTE
r-release-linux-x86_64 OK
r-release-windows-ix86+x86_64 1.4.0 6.00 80.00 86.00 OK
r-release-osx-x86_64 1.4.0 NOTE
r-oldrel-windows-ix86+x86_64 1.4.0 5.00 135.00 140.00 OK
r-oldrel-osx-x86_64 1.4.0 NOTE

Check Details

Version: 1.4.0
Check: dependencies in R code
Result: NOTE
    Namespace in Imports field not imported from: ‘pkgbuild’
     All declared Imports should be used.
Flavors: r-devel-linux-x86_64-fedora-clang, r-devel-linux-x86_64-fedora-gcc, r-patched-solaris-x86, r-release-osx-x86_64, r-oldrel-osx-x86_64