CRAN Package Check Results for Package finalfit

Last updated on 2019-03-14 00:46:36 CET.

Flavor Version Tinstall Tcheck Ttotal Status Flags
r-devel-linux-x86_64-debian-clang 0.9.0 16.04 228.72 244.76 OK
r-devel-linux-x86_64-debian-gcc 0.9.0 11.23 172.25 183.48 OK
r-devel-linux-x86_64-fedora-clang 0.9.0 273.19 NOTE
r-devel-linux-x86_64-fedora-gcc 0.9.0 276.71 NOTE
r-devel-windows-ix86+x86_64 0.9.0 32.00 264.00 296.00 OK
r-patched-linux-x86_64 0.9.0 9.35 194.17 203.52 OK
r-patched-solaris-x86 0.9.0 365.40 NOTE
r-release-linux-x86_64 OK
r-release-windows-ix86+x86_64 0.9.0 37.00 287.00 324.00 OK
r-release-osx-x86_64 0.9.0 NOTE
r-oldrel-windows-ix86+x86_64 0.9.0 30.00 345.00 375.00 OK
r-oldrel-osx-x86_64 0.9.0 NOTE

Check Details

Version: 0.9.0
Check: dependencies in R code
Result: NOTE
    Namespace in Imports field not imported from: ‘readr’
     All declared Imports should be used.
Flavors: r-devel-linux-x86_64-fedora-clang, r-devel-linux-x86_64-fedora-gcc, r-patched-solaris-x86, r-release-osx-x86_64, r-oldrel-osx-x86_64