Last updated on 2019-03-14 00:46:36 CET.
Flavor | Version | Tinstall | Tcheck | Ttotal | Status | Flags |
---|---|---|---|---|---|---|
r-devel-linux-x86_64-debian-clang | 0.29 | 4.39 | 21.18 | 25.57 | OK | |
r-devel-linux-x86_64-debian-gcc | 0.29 | 3.39 | 17.17 | 20.56 | OK | |
r-devel-linux-x86_64-fedora-clang | 0.29 | 33.17 | NOTE | |||
r-devel-linux-x86_64-fedora-gcc | 0.29 | 30.51 | NOTE | |||
r-devel-windows-ix86+x86_64 | 0.29 | 19.00 | 62.00 | 81.00 | OK | |
r-patched-linux-x86_64 | 0.29 | 3.81 | 20.31 | 24.12 | OK | |
r-patched-solaris-x86 | 0.29 | 48.50 | OK | |||
r-release-linux-x86_64 | OK | |||||
r-release-windows-ix86+x86_64 | 0.29 | 11.00 | 39.00 | 50.00 | OK | |
r-release-osx-x86_64 | 0.29 | OK | ||||
r-oldrel-windows-ix86+x86_64 | 0.29 | 9.00 | 52.00 | 61.00 | OK | |
r-oldrel-osx-x86_64 | 0.29 | OK |
Version: 0.29
Check: compiled code
Result: NOTE
File ‘fishMod/libs/fishMod.so’:
Found no calls to: ‘R_registerRoutines’, ‘R_useDynamicSymbols’
It is good practice to register native routines and to disable symbol
search.
See ‘Writing portable packages’ in the ‘Writing R Extensions’ manual.
Flavors: r-devel-linux-x86_64-fedora-clang, r-devel-linux-x86_64-fedora-gcc