CRAN Package Check Results for Package flock

Last updated on 2019-03-14 00:46:36 CET.

Flavor Version Tinstall Tcheck Ttotal Status Flags
r-devel-linux-x86_64-debian-clang 0.7 14.48 21.88 36.36 OK
r-devel-linux-x86_64-debian-gcc 0.7 9.88 17.87 27.75 OK
r-devel-linux-x86_64-fedora-clang 0.7 50.22 NOTE
r-devel-linux-x86_64-fedora-gcc 0.7 45.31 NOTE
r-devel-windows-ix86+x86_64 0.7 40.00 46.00 86.00 OK
r-patched-linux-x86_64 0.7 11.00 20.47 31.47 OK
r-patched-solaris-x86 0.7 60.40 OK
r-release-linux-x86_64 OK
r-release-windows-ix86+x86_64 0.7 38.00 75.00 113.00 OK
r-release-osx-x86_64 0.7 OK
r-oldrel-windows-ix86+x86_64 0.7 41.00 43.00 84.00 OK
r-oldrel-osx-x86_64 0.7 OK

Check Details

Version: 0.7
Check: compiled code
Result: NOTE
    File ‘flock/libs/flock.so’:
     Found no calls to: ‘R_registerRoutines’, ‘R_useDynamicSymbols’
    
    It is good practice to register native routines and to disable symbol
    search.
    
    See ‘Writing portable packages’ in the ‘Writing R Extensions’ manual.
Flavors: r-devel-linux-x86_64-fedora-clang, r-devel-linux-x86_64-fedora-gcc