Last updated on 2019-03-14 00:46:36 CET.
Flavor | Version | Tinstall | Tcheck | Ttotal | Status | Flags |
---|---|---|---|---|---|---|
r-devel-linux-x86_64-debian-clang | 1.7-2 | 21.14 | 102.81 | 123.95 | OK | |
r-devel-linux-x86_64-debian-gcc | 1.7-2 | 16.92 | 78.15 | 95.07 | OK | |
r-devel-linux-x86_64-fedora-clang | 1.7-2 | 145.58 | NOTE | |||
r-devel-linux-x86_64-fedora-gcc | 1.7-2 | 138.33 | NOTE | |||
r-devel-windows-ix86+x86_64 | 1.7-2 | 49.00 | 118.00 | 167.00 | OK | |
r-patched-linux-x86_64 | 1.7-2 | 14.22 | 95.17 | 109.39 | OK | |
r-patched-solaris-x86 | 1.7-2 | 191.70 | OK | |||
r-release-linux-x86_64 | OK | |||||
r-release-windows-ix86+x86_64 | 1.7-2 | 42.00 | 192.00 | 234.00 | OK | |
r-release-osx-x86_64 | 1.7-2 | OK | ||||
r-oldrel-windows-ix86+x86_64 | 1.7-2 | 22.00 | 116.00 | 138.00 | OK | |
r-oldrel-osx-x86_64 | 1.7-2 | OK |
Version: 1.7-2
Check: compiled code
Result: NOTE
File ‘fmri/libs/fmri.so’:
Found no calls to: ‘R_registerRoutines’, ‘R_useDynamicSymbols’
It is good practice to register native routines and to disable symbol
search.
See ‘Writing portable packages’ in the ‘Writing R Extensions’ manual.
Flavors: r-devel-linux-x86_64-fedora-clang, r-devel-linux-x86_64-fedora-gcc