CRAN Package Check Results for Package gender

Last updated on 2019-03-14 00:46:37 CET.

Flavor Version Tinstall Tcheck Ttotal Status Flags
r-devel-linux-x86_64-debian-clang 0.5.2 3.30 37.82 41.12 NOTE
r-devel-linux-x86_64-debian-gcc 0.5.2 3.09 29.88 32.97 NOTE
r-devel-linux-x86_64-fedora-clang 0.5.2 50.05 NOTE
r-devel-linux-x86_64-fedora-gcc 0.5.2 46.47 NOTE
r-devel-windows-ix86+x86_64 0.5.2 8.00 58.00 66.00 NOTE
r-patched-linux-x86_64 0.5.2 2.55 34.63 37.18 NOTE
r-patched-solaris-x86 0.5.2 75.40 NOTE
r-release-linux-x86_64 NOTE
r-release-windows-ix86+x86_64 0.5.2 8.00 66.00 74.00 NOTE
r-release-osx-x86_64 0.5.2 NOTE
r-oldrel-windows-ix86+x86_64 0.5.2 7.00 79.00 86.00 NOTE
r-oldrel-osx-x86_64 0.5.2 NOTE

Check Details

Version: 0.5.2
Check: package dependencies
Result: NOTE
    Package suggested but not available for checking: 'genderdata'
Flavors: r-devel-linux-x86_64-debian-clang, r-devel-linux-x86_64-debian-gcc, r-devel-linux-x86_64-fedora-clang, r-devel-linux-x86_64-fedora-gcc, r-devel-windows-ix86+x86_64, r-patched-linux-x86_64, r-patched-solaris-x86, r-release-linux-x86_64, r-release-windows-ix86+x86_64, r-release-osx-x86_64, r-oldrel-windows-ix86+x86_64, r-oldrel-osx-x86_64