Last updated on 2019-03-14 00:46:38 CET.
Flavor | Version | Tinstall | Tcheck | Ttotal | Status | Flags |
---|---|---|---|---|---|---|
r-devel-linux-x86_64-debian-clang | 0.9-11 | 17.85 | 102.46 | 120.31 | OK | |
r-devel-linux-x86_64-debian-gcc | 0.9-11 | 12.88 | 77.67 | 90.55 | OK | |
r-devel-linux-x86_64-fedora-clang | 0.9-11 | 146.36 | OK | |||
r-devel-linux-x86_64-fedora-gcc | 0.9-11 | 141.75 | OK | |||
r-devel-windows-ix86+x86_64 | 0.9-11 | 28.00 | 162.00 | 190.00 | OK | |
r-patched-linux-x86_64 | 0.9-11 | 13.01 | 94.22 | 107.23 | OK | |
r-patched-solaris-x86 | 0.9-11 | 206.00 | OK | |||
r-release-linux-x86_64 | OK | |||||
r-release-windows-ix86+x86_64 | 0.9-11 | 28.00 | 167.00 | 195.00 | OK | |
r-release-osx-x86_64 | 0.9-11 | OK | ||||
r-oldrel-windows-ix86+x86_64 | 0.9-11 | 23.00 | 135.00 | 158.00 | OK | |
r-oldrel-osx-x86_64 | 0.9-11 | NOTE |
Version: 0.9-11
Check: re-building of vignette outputs
Result: NOTE
Error in re-building vignettes:
...
A Package for Generalised Linear Spatial Models
geoRglm version 0.9-11 (2017-10-17) is now loaded
-----------------------------------------------------------
Error in texi2dvi(file = file, pdf = TRUE, clean = clean, quiet = quiet, :
Running 'texi2dvi' on 'geoRglmintro.tex' failed.
LaTeX errors:
! LaTeX Error: File `texnames.sty' not found.
Type X to quit or <RETURN> to proceed,
or enter new name. (Default extension: sty)
! Emergency stop.
<read *>
l.31 ^^M
! ==> Fatal error occurred, no output PDF file produced!
Calls: buildVignettes -> texi2pdf -> texi2dvi
Execution halted
Flavor: r-oldrel-osx-x86_64