CRAN Package Check Results for Package geoops

Last updated on 2019-03-14 00:46:38 CET.

Flavor Version Tinstall Tcheck Ttotal Status Flags
r-devel-linux-x86_64-debian-clang 0.2.0 166.30 28.98 195.28 OK
r-devel-linux-x86_64-debian-gcc 0.2.0 142.39 23.54 165.93 OK
r-devel-linux-x86_64-fedora-clang 0.2.0 298.23 NOTE
r-devel-linux-x86_64-fedora-gcc 0.2.0 284.30 OK
r-devel-windows-ix86+x86_64 0.2.0 464.00 74.00 538.00 OK
r-patched-linux-x86_64 0.2.0 172.33 27.42 199.75 OK
r-patched-solaris-x86 0.2.0 278.10 OK
r-release-linux-x86_64 OK
r-release-windows-ix86+x86_64 0.2.0 441.00 81.00 522.00 OK
r-release-osx-x86_64 0.2.0 NOTE
r-oldrel-windows-ix86+x86_64 0.2.0 463.00 91.00 554.00 OK
r-oldrel-osx-x86_64 0.2.0 NOTE

Check Details

Version: 0.2.0
Check: installed package size
Result: NOTE
     installed size is 14.7Mb
     sub-directories of 1Mb or more:
     doc 1.0Mb
     libs 13.0Mb
Flavors: r-devel-linux-x86_64-fedora-clang, r-release-osx-x86_64, r-oldrel-osx-x86_64