CRAN Package Check Results for Package geospacom

Last updated on 2019-03-14 00:46:38 CET.

Flavor Version Tinstall Tcheck Ttotal Status Flags
r-devel-linux-x86_64-debian-clang 0.5-8 3.66 37.30 40.96 NOTE
r-devel-linux-x86_64-debian-gcc 0.5-8 2.99 30.69 33.68 NOTE
r-devel-linux-x86_64-fedora-clang 0.5-8 48.95 NOTE
r-devel-linux-x86_64-fedora-gcc 0.5-8 46.37 NOTE
r-devel-windows-ix86+x86_64 0.5-8 16.00 86.00 102.00 NOTE
r-patched-linux-x86_64 0.5-8 2.33 34.23 36.56 NOTE
r-patched-solaris-x86 0.5-8 80.80 NOTE
r-release-linux-x86_64 NOTE
r-release-windows-ix86+x86_64 0.5-8 12.00 95.00 107.00 NOTE
r-release-osx-x86_64 0.5-8 NOTE
r-oldrel-windows-ix86+x86_64 0.5-8 10.00 61.00 71.00 NOTE
r-oldrel-osx-x86_64 0.5-8 NOTE

Check Details

Version: 0.5-8
Check: DESCRIPTION meta-information
Result: NOTE
    Malformed Description field: should contain one or more complete sentences.
Flavors: r-devel-linux-x86_64-debian-clang, r-devel-linux-x86_64-debian-gcc, r-devel-linux-x86_64-fedora-clang, r-devel-linux-x86_64-fedora-gcc, r-devel-windows-ix86+x86_64, r-patched-linux-x86_64, r-patched-solaris-x86, r-release-linux-x86_64, r-release-windows-ix86+x86_64, r-release-osx-x86_64, r-oldrel-windows-ix86+x86_64, r-oldrel-osx-x86_64

Version: 0.5-8
Check: R code for possible problems
Result: NOTE
    ImagePoly: no visible global function definition for 'plot'
    performSinglePlot: no visible global function definition for
     'heat.colors'
    Undefined global functions or variables:
     heat.colors plot
    Consider adding
     importFrom("grDevices", "heat.colors")
     importFrom("graphics", "plot")
    to your NAMESPACE file.
Flavors: r-devel-linux-x86_64-debian-clang, r-devel-linux-x86_64-debian-gcc, r-devel-linux-x86_64-fedora-clang, r-devel-linux-x86_64-fedora-gcc, r-devel-windows-ix86+x86_64, r-patched-linux-x86_64, r-patched-solaris-x86, r-release-linux-x86_64, r-release-windows-ix86+x86_64, r-release-osx-x86_64, r-oldrel-windows-ix86+x86_64, r-oldrel-osx-x86_64