Last updated on 2019-03-14 00:46:38 CET.
Flavor | Version | Tinstall | Tcheck | Ttotal | Status | Flags |
---|---|---|---|---|---|---|
r-devel-linux-x86_64-debian-clang | 0.2.0 | 6.17 | 53.06 | 59.23 | WARN | |
r-devel-linux-x86_64-debian-gcc | 0.2.0 | 4.97 | 40.74 | 45.71 | OK | |
r-devel-linux-x86_64-fedora-clang | 0.2.0 | 71.25 | OK | |||
r-devel-linux-x86_64-fedora-gcc | 0.2.0 | 67.38 | OK | |||
r-devel-windows-ix86+x86_64 | 0.2.0 | 17.00 | 66.00 | 83.00 | OK | |
r-patched-linux-x86_64 | 0.2.0 | 3.88 | 51.97 | 55.85 | OK | |
r-patched-solaris-x86 | 0.2.0 | 101.20 | OK | |||
r-release-linux-x86_64 | OK | |||||
r-release-windows-ix86+x86_64 | 0.2.0 | 11.00 | 85.00 | 96.00 | OK | |
r-release-osx-x86_64 | 0.2.0 | OK | ||||
r-oldrel-windows-ix86+x86_64 | 0.2.0 | 15.00 | 101.00 | 116.00 | OK | |
r-oldrel-osx-x86_64 | 0.2.0 | OK |
Version: 0.2.0
Check: whether package can be installed
Result: WARN
Found the following significant warnings:
Warning: unable to re-encode 'data.R' line 5
Flavor: r-devel-linux-x86_64-debian-clang