CRAN Package Check Results for Package ggrasp

Last updated on 2019-03-14 00:46:38 CET.

Flavor Version Tinstall Tcheck Ttotal Status Flags
r-devel-linux-x86_64-debian-clang 1.0 11.30 79.45 90.75 OK
r-devel-linux-x86_64-debian-gcc 1.0 9.76 61.86 71.62 OK
r-devel-linux-x86_64-fedora-clang 1.0 109.64 NOTE
r-devel-linux-x86_64-fedora-gcc 1.0 100.53 OK
r-devel-windows-ix86+x86_64 1.0 26.00 136.00 162.00 NOTE
r-patched-linux-x86_64 1.0 7.41 73.48 80.89 OK
r-patched-solaris-x86 1.0 159.40 NOTE
r-release-linux-x86_64 OK
r-release-windows-ix86+x86_64 1.0 33.00 129.00 162.00 NOTE
r-release-osx-x86_64 1.0 NOTE
r-oldrel-windows-ix86+x86_64 1.0 27.00 97.00 124.00 NOTE
r-oldrel-osx-x86_64 1.0 NOTE

Check Details

Version: 1.0
Check: installed package size
Result: NOTE
     installed size is 9.3Mb
     sub-directories of 1Mb or more:
     extdata 9.0Mb
Flavors: r-devel-linux-x86_64-fedora-clang, r-devel-windows-ix86+x86_64, r-patched-solaris-x86, r-release-windows-ix86+x86_64, r-release-osx-x86_64, r-oldrel-windows-ix86+x86_64, r-oldrel-osx-x86_64