CRAN Package Check Results for Package greybox

Last updated on 2019-03-14 00:46:39 CET.

Flavor Version Tinstall Tcheck Ttotal Status Flags
r-devel-linux-x86_64-debian-clang 0.4.1 11.46 101.42 112.88 WARN
r-devel-linux-x86_64-debian-gcc 0.4.1 9.94 77.10 87.04 OK
r-devel-linux-x86_64-fedora-clang 0.4.1 142.17 OK
r-devel-linux-x86_64-fedora-gcc 0.4.1 123.67 OK
r-devel-windows-ix86+x86_64 0.4.1 20.00 128.00 148.00 NOTE
r-patched-linux-x86_64 0.4.1 9.50 88.03 97.53 OK
r-patched-solaris-x86 0.4.1 164.80 OK
r-release-linux-x86_64 OK
r-release-windows-ix86+x86_64 0.4.1 22.00 107.00 129.00 NOTE
r-release-osx-x86_64 0.4.1 OK
r-oldrel-windows-ix86+x86_64 0.4.1 16.00 133.00 149.00 NOTE
r-oldrel-osx-x86_64 0.4.1 OK

Check Details

Version: 0.4.1
Check: whether package can be installed
Result: WARN
    Found the following significant warnings:
     Warning: unable to re-encode 'tplnorm.R' line 61
Flavor: r-devel-linux-x86_64-debian-clang

Version: 0.4.1
Check: package dependencies
Result: NOTE
    Package suggested but not available for checking: 'doMC'
Flavors: r-devel-windows-ix86+x86_64, r-release-windows-ix86+x86_64, r-oldrel-windows-ix86+x86_64