CRAN Package Check Results for Package gridBase

Last updated on 2019-03-14 00:46:39 CET.

Flavor Version Tinstall Tcheck Ttotal Status Flags
r-devel-linux-x86_64-debian-clang 0.4-7 1.72 22.33 24.05 NOTE
r-devel-linux-x86_64-debian-gcc 0.4-7 1.36 18.20 19.56 NOTE
r-devel-linux-x86_64-fedora-clang 0.4-7 31.78 NOTE
r-devel-linux-x86_64-fedora-gcc 0.4-7 28.24 NOTE
r-devel-windows-ix86+x86_64 0.4-7 7.00 48.00 55.00 NOTE
r-patched-linux-x86_64 0.4-7 0.98 21.03 22.01 NOTE
r-patched-solaris-x86 0.4-7 44.10 NOTE
r-release-linux-x86_64 NOTE
r-release-windows-ix86+x86_64 0.4-7 3.00 52.00 55.00 NOTE
r-release-osx-x86_64 0.4-7 NOTE
r-oldrel-windows-ix86+x86_64 0.4-7 3.00 50.00 53.00 NOTE
r-oldrel-osx-x86_64 0.4-7 NOTE

Check Details

Version: 0.4-7
Check: DESCRIPTION meta-information
Result: NOTE
    Malformed Description field: should contain one or more complete sentences.
Flavors: r-devel-linux-x86_64-debian-clang, r-devel-linux-x86_64-debian-gcc, r-devel-linux-x86_64-fedora-clang, r-devel-linux-x86_64-fedora-gcc, r-devel-windows-ix86+x86_64, r-patched-linux-x86_64, r-patched-solaris-x86, r-release-linux-x86_64, r-release-windows-ix86+x86_64, r-release-osx-x86_64, r-oldrel-windows-ix86+x86_64, r-oldrel-osx-x86_64