Last updated on 2019-03-14 00:46:39 CET.
Flavor | Version | Tinstall | Tcheck | Ttotal | Status | Flags |
---|---|---|---|---|---|---|
r-devel-linux-x86_64-debian-clang | 0.14 | 213.76 | 105.26 | 319.02 | OK | |
r-devel-linux-x86_64-debian-gcc | 0.14 | 180.00 | 78.64 | 258.64 | OK | |
r-devel-linux-x86_64-fedora-clang | 0.14 | 486.28 | NOTE | |||
r-devel-linux-x86_64-fedora-gcc | 0.14 | 427.82 | OK | |||
r-devel-windows-ix86+x86_64 | 0.14 | 395.00 | 235.00 | 630.00 | OK | |
r-patched-linux-x86_64 | 0.14 | 216.24 | 100.38 | 316.62 | OK | |
r-patched-solaris-x86 | 0.14 | 413.00 | OK | |||
r-release-linux-x86_64 | OK | |||||
r-release-windows-ix86+x86_64 | 0.14 | 505.00 | 179.00 | 684.00 | OK | |
r-release-osx-x86_64 | 0.14 | NOTE | ||||
r-oldrel-windows-ix86+x86_64 | 0.14 | 482.00 | 189.00 | 671.00 | OK | |
r-oldrel-osx-x86_64 | 0.14 | NOTE |
Version: 0.14
Check: installed package size
Result: NOTE
installed size is 16.0Mb
sub-directories of 1Mb or more:
libs 15.5Mb
Flavors: r-devel-linux-x86_64-fedora-clang, r-release-osx-x86_64, r-oldrel-osx-x86_64