CRAN Package Check Results for Package gyriq

Last updated on 2019-03-14 00:46:39 CET.

Flavor Version Tinstall Tcheck Ttotal Status Flags
r-devel-linux-x86_64-debian-clang 1.0.2 6.46 75.41 81.87 OK
r-devel-linux-x86_64-debian-gcc 1.0.2 6.35 58.62 64.97 OK
r-devel-linux-x86_64-fedora-clang 1.0.2 99.49 NOTE
r-devel-linux-x86_64-fedora-gcc 1.0.2 95.12 NOTE
r-devel-windows-ix86+x86_64 1.0.2 17.00 161.00 178.00 OK
r-patched-linux-x86_64 1.0.2 4.36 71.06 75.42 OK
r-patched-solaris-x86 1.0.2 174.00 OK
r-release-linux-x86_64 OK
r-release-windows-ix86+x86_64 1.0.2 13.00 170.00 183.00 OK
r-release-osx-x86_64 1.0.2 OK
r-oldrel-windows-ix86+x86_64 1.0.2 13.00 156.00 169.00 OK
r-oldrel-osx-x86_64 1.0.2 OK

Check Details

Version: 1.0.2
Check: compiled code
Result: NOTE
    File ‘gyriq/libs/gyriq.so’:
     Found no calls to: ‘R_registerRoutines’, ‘R_useDynamicSymbols’
    
    It is good practice to register native routines and to disable symbol
    search.
    
    See ‘Writing portable packages’ in the ‘Writing R Extensions’ manual.
Flavors: r-devel-linux-x86_64-fedora-clang, r-devel-linux-x86_64-fedora-gcc