Last updated on 2019-03-14 00:46:39 CET.
Flavor | Version | Tinstall | Tcheck | Ttotal | Status | Flags |
---|---|---|---|---|---|---|
r-devel-linux-x86_64-debian-clang | 0.1.1 | 10.84 | 262.47 | 273.31 | OK | |
r-devel-linux-x86_64-debian-gcc | 0.1.1 | 9.10 | 193.47 | 202.57 | OK | |
r-devel-linux-x86_64-fedora-clang | 0.1.1 | 302.55 | NOTE | |||
r-devel-linux-x86_64-fedora-gcc | 0.1.1 | 292.25 | NOTE | |||
r-devel-windows-ix86+x86_64 | 0.1.1 | 19.00 | 259.00 | 278.00 | OK | |
r-patched-linux-x86_64 | 0.1.1 | 5.88 | 255.69 | 261.57 | OK | |
r-patched-solaris-x86 | 0.1.1 | 443.50 | NOTE | |||
r-release-linux-x86_64 | OK | |||||
r-release-windows-ix86+x86_64 | 0.1.1 | 20.00 | 258.00 | 278.00 | OK | |
r-release-osx-x86_64 | 0.1.1 | NOTE | ||||
r-oldrel-windows-ix86+x86_64 | 0.1.1 | 15.00 | 366.00 | 381.00 | OK | |
r-oldrel-osx-x86_64 | 0.1.1 | NOTE |
Version: 0.1.1
Check: dependencies in R code
Result: NOTE
Namespaces in Imports field not imported from:
‘dplyr’ ‘purrr’ ‘tidyverse’
All declared Imports should be used.
Flavors: r-devel-linux-x86_64-fedora-clang, r-devel-linux-x86_64-fedora-gcc, r-patched-solaris-x86, r-release-osx-x86_64, r-oldrel-osx-x86_64