CRAN Package Check Results for Package hoa

Last updated on 2019-03-14 00:46:40 CET.

Flavor Version Tinstall Tcheck Ttotal Status Flags
r-devel-linux-x86_64-debian-clang 2.1.4.1 18.04 120.58 138.62 OK
r-devel-linux-x86_64-debian-gcc 2.1.4.1 14.47 89.65 104.12 OK
r-devel-linux-x86_64-fedora-clang 2.1.4.1 161.00 OK
r-devel-linux-x86_64-fedora-gcc 2.1.4.1 152.89 OK
r-devel-windows-ix86+x86_64 2.1.4.1 26.00 157.00 183.00 OK
r-patched-linux-x86_64 2.1.4.1 13.72 110.70 124.42 OK
r-patched-solaris-x86 2.1.4.1 212.10 OK
r-release-linux-x86_64 OK
r-release-windows-ix86+x86_64 2.1.4.1 28.00 170.00 198.00 OK
r-release-osx-x86_64 2.1.4.1 OK
r-oldrel-windows-ix86+x86_64 2.1.4.1 16.00 172.00 188.00 WARN
r-oldrel-osx-x86_64 2.1.4.1 WARN

Check Details

Version: 2.1.4.1
Check: Rd cross-references
Result: WARN
    Missing link or links in documentation object 'profile.nlreg.Rd':
     '[nlreg]{allProfiles.nlreg}'
    
    See section 'Cross-references' in the 'Writing R Extensions' manual.
Flavors: r-oldrel-windows-ix86+x86_64, r-oldrel-osx-x86_64