CRAN Package Check Results for Package idendr0

Last updated on 2019-03-14 00:46:40 CET.

Flavor Version Tinstall Tcheck Ttotal Status Flags
r-devel-linux-x86_64-debian-clang 1.5.3 6.18 34.47 40.65 OK
r-devel-linux-x86_64-debian-gcc 1.5.3 3.93 26.89 30.82 OK
r-devel-linux-x86_64-fedora-clang 1.5.3 50.38 OK
r-devel-linux-x86_64-fedora-gcc 1.5.3 47.07 OK
r-devel-windows-ix86+x86_64 1.5.3 12.00 57.00 69.00 OK
r-patched-linux-x86_64 1.5.3 4.28 30.64 34.92 OK
r-patched-solaris-x86 1.5.3 61.10 NOTE
r-release-linux-x86_64 OK
r-release-windows-ix86+x86_64 1.5.3 9.00 69.00 78.00 OK
r-release-osx-x86_64 1.5.3 NOTE
r-oldrel-windows-ix86+x86_64 1.5.3 5.00 44.00 49.00 OK
r-oldrel-osx-x86_64 1.5.3 NOTE

Check Details

Version: 1.5.3
Check: package dependencies
Result: NOTE
    Package suggested but not available for checking: ‘rggobi’
Flavors: r-patched-solaris-x86, r-release-osx-x86_64, r-oldrel-osx-x86_64