CRAN Package Check Results for Package interp

Last updated on 2019-03-14 00:46:42 CET.

Flavor Version Tinstall Tcheck Ttotal Status Flags
r-devel-linux-x86_64-debian-clang 1.0-31 91.10 33.90 125.00 OK
r-devel-linux-x86_64-debian-gcc 1.0-31 88.99 27.91 116.90 OK
r-devel-linux-x86_64-fedora-clang 1.0-31 198.12 NOTE
r-devel-linux-x86_64-fedora-gcc 1.0-31 187.70 OK
r-devel-windows-ix86+x86_64 1.0-31 176.00 89.00 265.00 OK
r-patched-linux-x86_64 1.0-31 101.18 32.70 133.88 OK
r-patched-solaris-x86 1.0-31 170.00 OK
r-release-linux-x86_64 OK
r-release-windows-ix86+x86_64 1.0-31 199.00 98.00 297.00 OK
r-release-osx-x86_64 1.0-31 NOTE
r-oldrel-windows-ix86+x86_64 1.0-31 190.00 74.00 264.00 OK
r-oldrel-osx-x86_64 1.0-31 NOTE

Check Details

Version: 1.0-31
Check: installed package size
Result: NOTE
     installed size is 29.1Mb
     sub-directories of 1Mb or more:
     libs 28.8Mb
Flavors: r-devel-linux-x86_64-fedora-clang, r-release-osx-x86_64, r-oldrel-osx-x86_64