CRAN Package Check Results for Package ipfp

Last updated on 2019-03-14 00:46:42 CET.

Flavor Version Tinstall Tcheck Ttotal Status Flags
r-devel-linux-x86_64-debian-clang 1.0.1 2.13 15.82 17.95 OK
r-devel-linux-x86_64-debian-gcc 1.0.1 1.50 13.00 14.50 OK
r-devel-linux-x86_64-fedora-clang 1.0.1 23.19 NOTE
r-devel-linux-x86_64-fedora-gcc 1.0.1 20.92 NOTE
r-devel-windows-ix86+x86_64 1.0.1 9.00 41.00 50.00 OK
r-patched-linux-x86_64 1.0.1 1.28 15.37 16.65 OK
r-patched-solaris-x86 1.0.1 33.90 OK
r-release-linux-x86_64 OK
r-release-windows-ix86+x86_64 1.0.1 4.00 30.00 34.00 OK
r-release-osx-x86_64 1.0.1 OK
r-oldrel-windows-ix86+x86_64 1.0.1 5.00 39.00 44.00 OK
r-oldrel-osx-x86_64 1.0.1 OK

Check Details

Version: 1.0.1
Check: compiled code
Result: NOTE
    File ‘ipfp/libs/ipfp.so’:
     Found no calls to: ‘R_registerRoutines’, ‘R_useDynamicSymbols’
    
    It is good practice to register native routines and to disable symbol
    search.
    
    See ‘Writing portable packages’ in the ‘Writing R Extensions’ manual.
Flavors: r-devel-linux-x86_64-fedora-clang, r-devel-linux-x86_64-fedora-gcc