Last updated on 2019-03-14 00:46:42 CET.
Flavor | Version | Tinstall | Tcheck | Ttotal | Status | Flags |
---|---|---|---|---|---|---|
r-devel-linux-x86_64-debian-clang | 0.6.1 | 36.83 | 37.56 | 74.39 | OK | |
r-devel-linux-x86_64-debian-gcc | 0.6.1 | 32.74 | 30.95 | 63.69 | OK | |
r-devel-linux-x86_64-fedora-clang | 0.6.1 | 112.85 | NOTE | |||
r-devel-linux-x86_64-fedora-gcc | 0.6.1 | 103.73 | NOTE | |||
r-devel-windows-ix86+x86_64 | 0.6.1 | 90.00 | 81.00 | 171.00 | OK | |
r-patched-linux-x86_64 | 0.6.1 | 38.55 | 33.72 | 72.27 | OK | |
r-release-linux-x86_64 | OK | |||||
r-release-windows-ix86+x86_64 | 0.6.1 | 120.00 | 80.00 | 200.00 | OK | |
r-release-osx-x86_64 | 0.6.1 | NOTE | ||||
r-oldrel-windows-ix86+x86_64 | 0.6.1 | 113.00 | 76.00 | 189.00 | OK | |
r-oldrel-osx-x86_64 | 0.6.1 | NOTE |
Version: 0.6.1
Check: data for non-ASCII characters
Result: NOTE
Note: found 12 marked UTF-8 strings
Flavors: r-devel-linux-x86_64-fedora-clang, r-devel-linux-x86_64-fedora-gcc, r-release-osx-x86_64, r-oldrel-osx-x86_64