CRAN Package Check Results for Package ivprobit

Last updated on 2019-03-14 00:46:42 CET.

Flavor Version Tinstall Tcheck Ttotal Status Flags
r-devel-linux-x86_64-debian-clang 1.1 1.55 18.24 19.79 OK
r-devel-linux-x86_64-debian-gcc 1.1 1.32 14.56 15.88 OK
r-devel-linux-x86_64-fedora-clang 1.1 24.85 NOTE
r-devel-linux-x86_64-fedora-gcc 1.1 22.72 NOTE
r-devel-windows-ix86+x86_64 1.1 6.00 41.00 47.00 OK
r-patched-linux-x86_64 1.1 0.97 16.66 17.63 OK
r-patched-solaris-x86 1.1 37.50 NOTE
r-release-linux-x86_64 OK
r-release-windows-ix86+x86_64 1.1 2.00 30.00 32.00 OK
r-release-osx-x86_64 1.1 NOTE
r-oldrel-windows-ix86+x86_64 1.1 2.00 40.00 42.00 OK
r-oldrel-osx-x86_64 1.1 NOTE

Check Details

Version: 1.1
Check: dependencies in R code
Result: NOTE
    Namespace in Imports field not imported from: ‘methods’
     All declared Imports should be used.
Flavors: r-devel-linux-x86_64-fedora-clang, r-devel-linux-x86_64-fedora-gcc, r-patched-solaris-x86, r-release-osx-x86_64, r-oldrel-osx-x86_64