CRAN Package Check Results for Package jmcm

Last updated on 2019-03-14 00:46:42 CET.

Flavor Version Tinstall Tcheck Ttotal Status Flags
r-devel-linux-x86_64-debian-clang 0.2.1 55.56 129.70 185.26 OK
r-devel-linux-x86_64-debian-gcc 0.2.1 38.99 132.04 171.03 OK
r-devel-linux-x86_64-fedora-clang 0.2.1 243.00 NOTE
r-devel-linux-x86_64-fedora-gcc 0.2.1 268.99 NOTE
r-devel-windows-ix86+x86_64 0.2.1 124.00 448.00 572.00 OK
r-patched-linux-x86_64 0.2.1 49.15 165.07 214.22 OK
r-patched-solaris-x86 0.2.1 431.40 NOTE
r-release-linux-x86_64 OK
r-release-windows-ix86+x86_64 0.2.1 137.00 388.00 525.00 OK
r-release-osx-x86_64 0.2.1 NOTE
r-oldrel-windows-ix86+x86_64 0.2.1 141.00 424.00 565.00 OK
r-oldrel-osx-x86_64 0.2.1 NOTE

Check Details

Version: 0.2.1
Check: installed package size
Result: NOTE
     installed size is 5.6Mb
     sub-directories of 1Mb or more:
     libs 4.5Mb
Flavors: r-devel-linux-x86_64-fedora-clang, r-release-osx-x86_64, r-oldrel-osx-x86_64

Version: 0.2.1
Check: dependencies in R code
Result: NOTE
    Namespace in Imports field not imported from: ‘lattice’
     All declared Imports should be used.
Flavors: r-devel-linux-x86_64-fedora-clang, r-devel-linux-x86_64-fedora-gcc, r-patched-solaris-x86, r-release-osx-x86_64, r-oldrel-osx-x86_64