CRAN Package Check Results for Package kernscr

Last updated on 2019-03-14 00:46:43 CET.

Flavor Version Tinstall Tcheck Ttotal Status Flags
r-devel-linux-x86_64-debian-clang 1.0.3 2.24 23.89 26.13 OK
r-devel-linux-x86_64-debian-gcc 1.0.3 2.12 18.66 20.78 OK
r-devel-linux-x86_64-fedora-clang 1.0.3 31.48 OK
r-devel-linux-x86_64-fedora-gcc 1.0.3 30.63 OK
r-devel-windows-ix86+x86_64 1.0.3 8.00 45.00 53.00 OK
r-patched-linux-x86_64 1.0.3 1.52 21.48 23.00 OK
r-patched-solaris-x86 1.0.3 46.80 OK
r-release-linux-x86_64 OK
r-release-windows-ix86+x86_64 1.0.3 5.00 46.00 51.00 OK
r-release-osx-x86_64 1.0.3 OK
r-oldrel-windows-ix86+x86_64 1.0.3 5.00 47.00 52.00 OK
r-oldrel-osx-x86_64 1.0.3 NOTE

Check Details

Version: 1.0.3
Check: package dependencies
Result: NOTE
    Package suggested but not available for checking: ‘org.Hs.eg.db’
Flavor: r-oldrel-osx-x86_64