Last updated on 2019-03-14 00:46:43 CET.
Flavor | Version | Tinstall | Tcheck | Ttotal | Status | Flags |
---|---|---|---|---|---|---|
r-devel-linux-x86_64-debian-clang | 1.6.0 | 1.61 | 21.81 | 23.42 | WARN | |
r-devel-linux-x86_64-debian-gcc | 1.6.0 | 1.53 | 17.59 | 19.12 | OK | |
r-devel-linux-x86_64-fedora-clang | 1.6.0 | 29.15 | OK | |||
r-devel-linux-x86_64-fedora-gcc | 1.7.0 | 28.11 | OK | |||
r-devel-windows-ix86+x86_64 | 1.6.0 | 6.00 | 51.00 | 57.00 | OK | |
r-patched-linux-x86_64 | 1.6.0 | 1.07 | 20.42 | 21.49 | OK | |
r-patched-solaris-x86 | 1.6.0 | 44.00 | OK | |||
r-release-linux-x86_64 | OK | |||||
r-release-windows-ix86+x86_64 | 1.6.0 | 4.00 | 38.00 | 42.00 | OK | |
r-release-osx-x86_64 | 1.6.0 | OK | ||||
r-oldrel-windows-ix86+x86_64 | 1.3.0 | 2.00 | 33.00 | 35.00 | NOTE | |
r-oldrel-osx-x86_64 | 1.6.0 | ERROR |
Version: 1.6.0
Check: whether package can be installed
Result: WARN
Found the following significant warnings:
Warning: unable to re-encode 'package_tools.R' line 120
Flavor: r-devel-linux-x86_64-debian-clang
Version: 1.3.0
Check: dependencies in R code
Result: NOTE
Missing or unexported object: 'utils::askYesNo'
Flavor: r-oldrel-windows-ix86+x86_64
Version: 1.3.0
Check: R code for possible problems
Result: NOTE
unshelf: no visible global function definition for '...length'
Undefined global functions or variables:
...length
Flavor: r-oldrel-windows-ix86+x86_64
Version: 1.6.0
Check: package dependencies
Result: ERROR
Package required but not available: ‘BiocManager’
See section ‘The DESCRIPTION file’ in the ‘Writing R Extensions’
manual.
Flavor: r-oldrel-osx-x86_64