CRAN Package Check Results for Package live

Last updated on 2019-03-14 00:46:44 CET.

Flavor Version Tinstall Tcheck Ttotal Status Flags
r-devel-linux-x86_64-debian-clang 1.5.10 8.71 104.95 113.66 OK
r-devel-linux-x86_64-debian-gcc 1.5.10 7.91 78.79 86.70 OK
r-devel-linux-x86_64-fedora-clang 1.5.10 136.00 NOTE
r-devel-linux-x86_64-fedora-gcc 1.5.10 125.07 NOTE
r-devel-windows-ix86+x86_64 1.5.10 21.00 164.00 185.00 OK
r-patched-linux-x86_64 1.5.10 5.79 94.84 100.63 OK
r-patched-solaris-x86 1.5.10 202.30 NOTE
r-release-linux-x86_64 OK
r-release-windows-ix86+x86_64 1.5.10 21.00 112.00 133.00 OK
r-release-osx-x86_64 1.5.10 NOTE
r-oldrel-windows-ix86+x86_64 1.5.10 20.00 131.00 151.00 OK
r-oldrel-osx-x86_64 1.5.10 NOTE

Check Details

Version: 1.5.10
Check: dependencies in R code
Result: NOTE
    Namespace in Imports field not imported from: ‘e1071’
     All declared Imports should be used.
Flavors: r-devel-linux-x86_64-fedora-clang, r-devel-linux-x86_64-fedora-gcc, r-patched-solaris-x86, r-release-osx-x86_64, r-oldrel-osx-x86_64