CRAN Package Check Results for Package loe

Last updated on 2019-03-14 00:46:44 CET.

Flavor Version Tinstall Tcheck Ttotal Status Flags
r-devel-linux-x86_64-debian-clang 1.1 2.80 24.89 27.69 OK
r-devel-linux-x86_64-debian-gcc 1.1 2.45 19.71 22.16 OK
r-devel-linux-x86_64-fedora-clang 1.1 35.49 NOTE
r-devel-linux-x86_64-fedora-gcc 1.1 33.94 NOTE
r-devel-windows-ix86+x86_64 1.1 11.00 62.00 73.00 OK
r-patched-linux-x86_64 1.1 2.28 22.98 25.26 OK
r-patched-solaris-x86 1.1 51.40 OK
r-release-linux-x86_64 OK
r-release-windows-ix86+x86_64 1.1 10.00 49.00 59.00 OK
r-release-osx-x86_64 1.1 OK
r-oldrel-windows-ix86+x86_64 1.1 9.00 47.00 56.00 OK
r-oldrel-osx-x86_64 1.1 OK

Check Details

Version: 1.1
Check: compiled code
Result: NOTE
    File ‘loe/libs/loe.so’:
     Found no calls to: ‘R_registerRoutines’, ‘R_useDynamicSymbols’
    
    It is good practice to register native routines and to disable symbol
    search.
    
    See ‘Writing portable packages’ in the ‘Writing R Extensions’ manual.
Flavors: r-devel-linux-x86_64-fedora-clang, r-devel-linux-x86_64-fedora-gcc