Last updated on 2019-03-14 00:46:44 CET.
Flavor | Version | Tinstall | Tcheck | Ttotal | Status | Flags |
---|---|---|---|---|---|---|
r-devel-linux-x86_64-debian-clang | 1.2 | 165.02 | 679.24 | 844.26 | OK | |
r-devel-linux-x86_64-debian-gcc | 1.2 | 142.58 | 496.91 | 639.49 | WARN | |
r-devel-linux-x86_64-fedora-clang | 1.2 | 1008.43 | NOTE | |||
r-devel-linux-x86_64-fedora-gcc | 1.2 | 1014.07 | WARN | |||
r-devel-windows-ix86+x86_64 | 1.2 | 313.00 | 296.00 | 609.00 | NOTE | --no-vignettes |
r-patched-linux-x86_64 | 1.2 | 155.94 | 551.13 | 707.07 | WARN | |
r-patched-solaris-x86 | 1.2 | 1133.30 | OK | |||
r-release-linux-x86_64 | WARN | |||||
r-release-windows-ix86+x86_64 | 1.2 | 384.00 | 283.00 | 667.00 | NOTE | --no-vignettes |
r-release-osx-x86_64 | 1.2 | NOTE | ||||
r-oldrel-windows-ix86+x86_64 | 1.2 | 397.00 | 298.00 | 695.00 | NOTE | --no-vignettes |
r-oldrel-osx-x86_64 | 1.2 | NOTE |
Version: 1.2
Check: whether package can be installed
Result: WARN
Found the following significant warnings:
/home/hornik/tmp/R.check/r-devel-gcc/Work/build/Packages/BH/include/boost/container/detail/copy_move_algo.hpp:183:19: warning: ‘void* memmove(void*, const void*, size_t)’ writing to an object of type ‘value_type’ {aka ‘struct boost::container::dtl::pair<int, int>’} with no trivial copy-assignment; use copy-assignment or copy-initialization instead [-Wclass-memaccess]
/home/hornik/tmp/R.check/r-devel-gcc/Work/build/Packages/BH/include/boost/container/detail/copy_move_algo.hpp:897:16: warning: ‘void* memmove(void*, const void*, size_t)’ writing to an object of type ‘boost::movelib::detail::iterator_to_element_ptr<boost::container::dtl::pair<int, int>*>::element_type’ {aka ‘struct boost::container::dtl::pair<int, int>’} with no trivial copy-assignment; use copy-assignment or copy-initialization instead [-Wclass-memaccess]
/home/hornik/tmp/R.check/r-devel-gcc/Work/build/Packages/BH/include/boost/container/detail/copy_move_algo.hpp:197:19: warning: ‘void* memmove(void*, const void*, size_t)’ writing to an object of type ‘boost::movelib::detail::iterator_to_element_ptr<boost::container::dtl::pair<int, int>*>::element_type’ {aka ‘struct boost::container::dtl::pair<int, int>’} with no trivial copy-assignment; use copy-assignment or copy-initialization instead [-Wclass-memaccess]
Flavor: r-devel-linux-x86_64-debian-gcc
Version: 1.2
Check: installed package size
Result: NOTE
installed size is 24.8Mb
sub-directories of 1Mb or more:
libs 23.1Mb
Flavors: r-devel-linux-x86_64-fedora-clang, r-release-osx-x86_64, r-oldrel-osx-x86_64
Version: 1.2
Check: whether package can be installed
Result: WARN
Found the following significant warnings:
/data/gannet/ripley/R/test-3.6/BH/include/boost/container/detail/copy_move_algo.hpp:183:19: warning: ‘void* memmove(void*, const void*, size_t)’ writing to an object of type ‘value_type’ {aka ‘struct boost::container::dtl::pair<int, int>’} with no trivial copy-assignment; use copy-assignment or copy-initialization instead [-Wclass-memaccess]
/data/gannet/ripley/R/test-3.6/BH/include/boost/container/detail/copy_move_algo.hpp:897:16: warning: ‘void* memmove(void*, const void*, size_t)’ writing to an object of type ‘boost::movelib::detail::iterator_to_element_ptr<boost::container::dtl::pair<int, int>*>::element_type’ {aka ‘struct boost::container::dtl::pair<int, int>’} with no trivial copy-assignment; use copy-assignment or copy-initialization instead [-Wclass-memaccess]
/data/gannet/ripley/R/test-3.6/BH/include/boost/container/detail/copy_move_algo.hpp:197:19: warning: ‘void* memmove(void*, const void*, size_t)’ writing to an object of type ‘boost::movelib::detail::iterator_to_element_ptr<boost::container::dtl::pair<int, int>*>::element_type’ {aka ‘struct boost::container::dtl::pair<int, int>’} with no trivial copy-assignment; use copy-assignment or copy-initialization instead [-Wclass-memaccess]
Flavor: r-devel-linux-x86_64-fedora-gcc
Version: 1.2
Flags: --no-vignettes
Check: installed package size
Result: NOTE
installed size is 6.0Mb
sub-directories of 1Mb or more:
libs 4.4Mb
Flavors: r-devel-windows-ix86+x86_64, r-release-windows-ix86+x86_64, r-oldrel-windows-ix86+x86_64
Version: 1.2
Check: whether package can be installed
Result: WARN
Found the following significant warnings:
/home/hornik/tmp/R.check/r-patched-gcc/Work/build/Packages/BH/include/boost/container/detail/copy_move_algo.hpp:183:19: warning: ‘void* memmove(void*, const void*, size_t)’ writing to an object of type ‘value_type’ {aka ‘struct boost::container::dtl::pair<int, int>’} with no trivial copy-assignment; use copy-assignment or copy-initialization instead [-Wclass-memaccess]
/home/hornik/tmp/R.check/r-patched-gcc/Work/build/Packages/BH/include/boost/container/detail/copy_move_algo.hpp:897:16: warning: ‘void* memmove(void*, const void*, size_t)’ writing to an object of type ‘boost::movelib::detail::iterator_to_element_ptr<boost::container::dtl::pair<int, int>*>::element_type’ {aka ‘struct boost::container::dtl::pair<int, int>’} with no trivial copy-assignment; use copy-assignment or copy-initialization instead [-Wclass-memaccess]
/home/hornik/tmp/R.check/r-patched-gcc/Work/build/Packages/BH/include/boost/container/detail/copy_move_algo.hpp:197:19: warning: ‘void* memmove(void*, const void*, size_t)’ writing to an object of type ‘boost::movelib::detail::iterator_to_element_ptr<boost::container::dtl::pair<int, int>*>::element_type’ {aka ‘struct boost::container::dtl::pair<int, int>’} with no trivial copy-assignment; use copy-assignment or copy-initialization instead [-Wclass-memaccess]
Flavor: r-patched-linux-x86_64
Version: 1.2
Check: whether package can be installed
Result: WARN
Found the following significant warnings:
/home/hornik/tmp/R.check/r-release-gcc/Work/build/Packages/BH/include/boost/container/detail/copy_move_algo.hpp:183:19: warning: ‘void* memmove(void*, const void*, size_t)’ writing to an object of type ‘value_type’ {aka ‘struct boost::container::dtl::pair<int, int>’} with no trivial copy-assignment; use copy-assignment or copy-initialization instead [-Wclass-memaccess]
/home/hornik/tmp/R.check/r-release-gcc/Work/build/Packages/BH/include/boost/container/detail/copy_move_algo.hpp:897:16: warning: ‘void* memmove(void*, const void*, size_t)’ writing to an object of type ‘boost::movelib::detail::iterator_to_element_ptr<boost::container::dtl::pair<int, int>*>::element_type’ {aka ‘struct boost::container::dtl::pair<int, int>’} with no trivial copy-assignment; use copy-assignment or copy-initialization instead [-Wclass-memaccess]
/home/hornik/tmp/R.check/r-release-gcc/Work/build/Packages/BH/include/boost/container/detail/copy_move_algo.hpp:197:19: warning: ‘void* memmove(void*, const void*, size_t)’ writing to an object of type ‘boost::movelib::detail::iterator_to_element_ptr<boost::container::dtl::pair<int, int>*>::element_type’ {aka ‘struct boost::container::dtl::pair<int, int>’} with no trivial copy-assignment; use copy-assignment or copy-initialization instead [-Wclass-memaccess]
Flavor: r-release-linux-x86_64