CRAN Package Check Results for Package lpSolveAPI

Last updated on 2019-03-14 00:46:44 CET.

Flavor Version Tinstall Tcheck Ttotal Status Flags
r-devel-linux-x86_64-debian-clang 5.5.2.0-17 29.52 27.16 56.68 NOTE
r-devel-linux-x86_64-debian-gcc 5.5.2.0-17 23.30 21.96 45.26 NOTE
r-devel-linux-x86_64-fedora-clang 5.5.2.0-17 72.87 NOTE
r-devel-linux-x86_64-fedora-gcc 5.5.2.0-17 72.07 NOTE
r-devel-windows-ix86+x86_64 5.5.2.0-17 195.00 71.00 266.00 NOTE
r-patched-linux-x86_64 5.5.2.0-17 26.90 25.52 52.42 OK
r-patched-solaris-x86 5.5.2.0-17 112.80 OK
r-release-linux-x86_64 OK
r-release-windows-ix86+x86_64 5.5.2.0-17 109.00 53.00 162.00 OK
r-release-osx-x86_64 5.5.2.0-17 OK
r-oldrel-windows-ix86+x86_64 5.5.2.0-17 115.00 73.00 188.00 OK
r-oldrel-osx-x86_64 5.5.2.0-17 OK

Additional issues

valgrind

Check Details

Version: 5.5.2.0-17
Check: line endings in C/C++/Fortran sources/headers
Result: NOTE
    Found the following sources/headers with CR or CRLF line endings:
     inst/include/lp_bit.h
    Some Unix compilers require LF line endings.
Flavors: r-devel-linux-x86_64-debian-clang, r-devel-linux-x86_64-debian-gcc, r-devel-linux-x86_64-fedora-clang, r-devel-linux-x86_64-fedora-gcc, r-devel-windows-ix86+x86_64

Version: 5.5.2.0-17
Check: compiled code
Result: NOTE
    File ‘lpSolveAPI/libs/lpSolveAPI.so’:
     Found no call to: ‘R_useDynamicSymbols’
    
    It is good practice to register native routines and to disable symbol
    search.
    
    See ‘Writing portable packages’ in the ‘Writing R Extensions’ manual.
Flavors: r-devel-linux-x86_64-fedora-clang, r-devel-linux-x86_64-fedora-gcc