CRAN Package Check Results for Package lpirfs

Last updated on 2019-03-14 00:46:44 CET.

Flavor Version Tinstall Tcheck Ttotal Status Flags
r-devel-linux-x86_64-debian-clang 0.1.4 66.39 81.67 148.06 WARN
r-devel-linux-x86_64-debian-gcc 0.1.4 60.40 61.28 121.68 OK
r-devel-linux-x86_64-fedora-clang 0.1.4 190.01 OK
r-devel-linux-x86_64-fedora-gcc 0.1.4 192.98 OK
r-devel-windows-ix86+x86_64 0.1.4 142.00 201.00 343.00 OK
r-patched-linux-x86_64 0.1.4 62.64 76.61 139.25 OK
r-patched-solaris-x86 0.1.4 264.80 OK
r-release-linux-x86_64 OK
r-release-windows-ix86+x86_64 0.1.4 185.00 188.00 373.00 OK
r-release-osx-x86_64 0.1.4 OK
r-oldrel-windows-ix86+x86_64 0.1.4 174.00 217.00 391.00 OK
r-oldrel-osx-x86_64 0.1.4 OK

Check Details

Version: 0.1.4
Check: whether package can be installed
Result: WARN
    Found the following significant warnings:
     Warning: unable to re-encode 'RcppExports.R' lines 16, 20, 22, 89, 90, 107, 108
     Warning: unable to re-encode 'get_var_lagcrit.R' lines 10, 16, 22
     Warning: unable to re-encode 'lp_lin.R' lines 45, 48, 53, 54, 56
     Warning: unable to re-encode 'lp_lin_iv.R' lines 52, 57, 58, 59, 62, 70, 71, 77
     Warning: unable to re-encode 'lp_lin_panel.R' line 77
     Warning: unable to re-encode 'lp_nl.R' lines 81, 90, 95, 96, 98
     Warning: unable to re-encode 'lp_nl_iv.R' lines 77, 85, 86, 87, 90, 98, 99, 105
     Warning: unable to re-encode 'lp_nl_panel.R' lines 49, 58
Flavor: r-devel-linux-x86_64-debian-clang