CRAN Package Check Results for Package mapr

Last updated on 2019-03-14 00:46:44 CET.

Flavor Version Tinstall Tcheck Ttotal Status Flags
r-devel-linux-x86_64-debian-clang 0.4.0 7.46 72.99 80.45 OK
r-devel-linux-x86_64-debian-gcc 0.4.0 6.29 58.35 64.64 OK
r-devel-linux-x86_64-fedora-clang 0.4.0 100.78 NOTE
r-devel-linux-x86_64-fedora-gcc 0.4.0 92.04 NOTE
r-devel-windows-ix86+x86_64 0.4.0 21.00 117.00 138.00 OK
r-patched-linux-x86_64 0.4.0 5.08 68.09 73.17 OK
r-patched-solaris-x86 0.4.0 139.60 NOTE
r-release-linux-x86_64 OK
r-release-windows-ix86+x86_64 0.4.0 26.00 113.00 139.00 OK
r-release-osx-x86_64 0.4.0 NOTE
r-oldrel-windows-ix86+x86_64 0.4.0 19.00 111.00 130.00 OK
r-oldrel-osx-x86_64 0.4.0 NOTE

Check Details

Version: 0.4.0
Check: data for non-ASCII characters
Result: NOTE
     Note: found 164 marked UTF-8 strings
Flavors: r-devel-linux-x86_64-fedora-clang, r-devel-linux-x86_64-fedora-gcc, r-patched-solaris-x86, r-release-osx-x86_64, r-oldrel-osx-x86_64