CRAN Package Check Results for Package markmyassignment

Last updated on 2019-03-14 00:46:44 CET.

Flavor Version Tinstall Tcheck Ttotal Status Flags
r-devel-linux-x86_64-debian-clang 0.8.1 2.87 40.05 42.92 OK
r-devel-linux-x86_64-debian-gcc 0.8.1 2.63 37.65 40.28 OK
r-devel-linux-x86_64-fedora-clang 0.8.1 61.96 NOTE
r-devel-linux-x86_64-fedora-gcc 0.8.1 57.41 NOTE
r-devel-windows-ix86+x86_64 0.8.1 9.00 94.00 103.00 ERROR
r-patched-linux-x86_64 0.8.1 2.34 37.79 40.13 OK
r-patched-solaris-x86 0.8.1 73.20 NOTE
r-release-linux-x86_64 OK
r-release-windows-ix86+x86_64 0.8.1 9.00 91.00 100.00 OK
r-release-osx-x86_64 0.8.1 NOTE
r-oldrel-windows-ix86+x86_64 0.8.1 7.00 98.00 105.00 OK
r-oldrel-osx-x86_64 0.8.1 NOTE

Check Details

Version: 0.8.1
Check: dependencies in R code
Result: NOTE
    Namespace in Imports field not imported from: ‘lazyeval’
     All declared Imports should be used.
Flavors: r-devel-linux-x86_64-fedora-clang, r-devel-linux-x86_64-fedora-gcc, r-patched-solaris-x86, r-release-osx-x86_64, r-oldrel-osx-x86_64

Version: 0.8.1
Check: examples
Result: ERROR
    Running examples in 'markmyassignment-Ex.R' failed
    The error most likely occurred in:
    
    > ### Name: mark_my_file
    > ### Title: Mark assignment file
    > ### Aliases: mark_my_file
    >
    > ### ** Examples
    >
    > assignment_path <-
    + paste0(system.file(package = "markmyassignment"), "/extdata/example_assignment01.yml")
    > file_path <- paste0(system.file(package = "markmyassignment"), "/extdata/example_lab_file.R")
    > mark_my_file(mark_file = file_path, assignment_path = assignment_path)
    v | OK F W S | Context
    
    / | 0 | task1
    - | 1 | task1
    \ | 2 | task1
    | | 3 | task1
    v | 3 | task1
    
    / | 0 | task2a
    - | 1 | task2a
    \ | 2 | task2a
    | | 3 | task2a
    v | 3 | task2a
    
    / | 0 | task2b
    - | 1 | task2b
    \ | 2 | task2b
    | | 3 | task2b
    / | 4 | task2b
    v | 4 | task2b
    
    / | 0 | Mandatory tests
    - | 1 | Mandatory tests
    v | 1 | Mandatory tests
    
    == Results =====================================================================
    OK: 11
    Failed: 0
    Warnings: 0
    Skipped: 0
    Keep up the good work!>
    >
    >
    >
    > cleanEx()
    Error: connections left open:
     lines (textConnection)
     lines (textConnection)
    Execution halted
Flavor: r-devel-windows-ix86+x86_64