CRAN Package Check Results for Package metScanR

Last updated on 2019-03-14 00:46:45 CET.

Flavor Version Tinstall Tcheck Ttotal Status Flags
r-devel-linux-x86_64-debian-clang 1.2.2 4.55 46.52 51.07 OK
r-devel-linux-x86_64-debian-gcc 1.2.2 4.39 38.11 42.50 OK
r-devel-linux-x86_64-fedora-clang 1.2.2 65.99 NOTE
r-devel-linux-x86_64-fedora-gcc 1.2.2 64.37 NOTE
r-devel-windows-ix86+x86_64 1.2.2 9.00 77.00 86.00 OK
r-patched-linux-x86_64 1.2.2 3.12 42.63 45.75 OK
r-patched-solaris-x86 1.2.2 89.00 NOTE
r-release-linux-x86_64 OK
r-release-windows-ix86+x86_64 1.2.2 10.00 87.00 97.00 OK
r-release-osx-x86_64 1.2.2 NOTE
r-oldrel-windows-ix86+x86_64 1.2.2 9.00 54.00 63.00 OK
r-oldrel-osx-x86_64 1.2.2 NOTE

Check Details

Version: 1.2.2
Check: dependencies in R code
Result: NOTE
    Namespace in Imports field not imported from: ‘grDevices’
     All declared Imports should be used.
Flavors: r-devel-linux-x86_64-fedora-clang, r-devel-linux-x86_64-fedora-gcc, r-patched-solaris-x86, r-release-osx-x86_64, r-oldrel-osx-x86_64

Version: 1.2.2
Check: data for non-ASCII characters
Result: NOTE
     Note: found 5 marked UTF-8 strings
Flavors: r-devel-linux-x86_64-fedora-clang, r-devel-linux-x86_64-fedora-gcc, r-patched-solaris-x86, r-release-osx-x86_64, r-oldrel-osx-x86_64